{"id":207,"date":"2019-12-05T11:11:48","date_gmt":"2019-12-05T10:11:48","guid":{"rendered":"http:\/\/decapage-sablage-aerogommage-poutre-meuble-27-75-76-78.com\/?page_id=207"},"modified":"2023-07-03T16:08:06","modified_gmt":"2023-07-03T14:08:06","slug":"decapage-sablage-de-poutres-aerogommage-paris","status":"publish","type":"page","link":"https:\/\/decapage-sablage-aerogommage-poutre-meuble-27-75-76-78.com\/index.php\/decapage-sablage-de-poutres-aerogommage-paris\/","title":{"rendered":"Sablage a\u00e9rogommage de poutres"},"content":{"rendered":"<h1>aerogommage ou sablages poutres bois<\/h1>\n<ul>\n<li>\n\t\t\t\t\t\t\t\t\t\ttel.06-75-05-96-23.\n\t\t\t\t\t\t\t\t\t<\/li>\n<\/ul>\n<h2>Vous venez d\u2019acqu\u00e9rir la maison,\u00a0 l\u2019appartement ,la demeure  de vos r\u00eave, mais les poutres\u00a0 sont \u00e9videment trop fonc\u00e9s.<\/h2>\n<p>\t\t\t<a href=\"http:\/\/decapage-sablage-aerogommage-poutre-meuble-27-75-76-78.com\/index.php\/galerie-poutres\/#\" role=\"button\"><br \/>\n\t\t\t\t\t\tgalerie photos<br \/>\n\t\t\t\t\t<\/a><br \/>\n\t\t\t\t\t\t\t\t\t\t\t\t<img loading=\"lazy\" decoding=\"async\" width=\"1600\" height=\"1200\" src=\"http:\/\/decapage-sablage-aerogommage-poutre-meuble-27-75-76-78.com\/wp-content\/uploads\/2019\/07\/poutre.jpg\" alt=\"decapage de poutre paris 75 par sablae aerogommage\" loading=\"lazy\" srcset=\"http:\/\/decapage-sablage-aerogommage-poutre-meuble-27-75-76-78.com\/wp-content\/uploads\/2019\/07\/poutre.jpg 1600w, http:\/\/decapage-sablage-aerogommage-poutre-meuble-27-75-76-78.com\/wp-content\/uploads\/2019\/07\/poutre-300x225.jpg 300w, http:\/\/decapage-sablage-aerogommage-poutre-meuble-27-75-76-78.com\/wp-content\/uploads\/2019\/07\/poutre-768x576.jpg 768w, http:\/\/decapage-sablage-aerogommage-poutre-meuble-27-75-76-78.com\/wp-content\/uploads\/2019\/07\/poutre-1024x768.jpg 1024w, http:\/\/decapage-sablage-aerogommage-poutre-meuble-27-75-76-78.com\/wp-content\/uploads\/2019\/07\/poutre-510x382.jpg 510w, http:\/\/decapage-sablage-aerogommage-poutre-meuble-27-75-76-78.com\/wp-content\/uploads\/2019\/07\/poutre-1080x810.jpg 1080w\" sizes=\"auto, (max-width: 1600px) 100vw, 1600px\" \/>\t\t\t\t\t\t\t\t\t\t\t\t\t\t<\/p>\n<h2>\n\t\t\t\t\t\tdecagom<br \/>\n\t\t\t\t<\/h2>\n<p>\n\t\t\t\t\t\tFut un temps, nos grands parents aimaient le cot\u00e9 rustique du ch\u00eane fonc\u00e9. Tout les bois \u00e9tait recouvert de teinte brous de noix puis lasur\u00e9 souvent en ch\u00eane fonc\u00e9. Il faut savoir que le ch\u00eane fonce naturellement avec le temps.<br \/>\nje vous rassure il faut des si\u00e8cles pour qu&rsquo;il prenne la couleur brun foncer.\n\t\t\t\t\t<\/p>\n<h3>\n\t\t\t\t\t\tdecagom<br \/>\n\t\t\t\t<\/h3>\n<p>\n\t\t\t\t\t\tL\u2019entreprise Alain Pangrazzi\u00a0 vous propose de d\u00e9caper vos poutres par a\u00e9rogommage sablage, la m\u00e9thode la plus approprier pour ce dur\u00a0travail fastidieux,\u00a0et par cons\u00e9quent de retrouver la belle couleur naturel du ch\u00eane qui est dans les tons miel .\t\t\t\t\t<\/p>\n<h3>\n\t\t\t\t\t\tdecagom<br \/>\n\t\t\t\t<\/h3>\n<p>\n\t\t\t\t\t\tLA, solution\u00a0qui permet d\u2019enlever efficacement toute trace de lasure, brous de noix, peinture, pour un r\u00e9sultat\u00a0homog\u00e8ne et r\u00e9gulier\u00a0car l\u2019a\u00e9rogommage permet d\u2019aller dans toutes les fentes , trous, et recoins du bois.\t\t\t\t\t<\/p>\n<h3>\n\t\t\t\t\t\tdecagom<br \/>\n\t\t\t\t<\/h3>\n<p>\n\t\t\t\t\t\tEnfin,\u00a0rapide\u00a0car le mat\u00e9riel de l\u2019entreprise\u00a0 est adapt\u00e9e en\u00a0puissance\u00a0et pr\u00e9cision pour r\u00e9pondre \u00e0 de grande surface. Du pavillon \u00e0 l\u2019appartement en passant par les ch\u00e2teaux et h\u00f4tels particuliers de\u00a0nos belles r\u00e9gions.\t\t\t\t\t<\/p>\n<p><a href=\"http:\/\/decapage-sablage-aerogommage-poutre-meuble-27-75-76-78.com\/\" target=\"_blank\" rel=\"noopener\">Accueil<\/a><br \/><a href=\"http:\/\/decapage-sablage-aerogommage-poutre-meuble-27-75-76-78.com\/index.php\/presentation\/\">presentation<\/a><br \/><a href=\"http:\/\/decapage-sablage-aerogommage-poutre-meuble-27-75-76-78.com\/index.php\/prestation\/\">prestation<\/a><\/p>\n<p><a href=\"http:\/\/decapage-sablage-aerogommage-poutre-meuble-27-75-76-78.com\/index.php\/nos-realisations\/\">nos r\u00e9alisations<\/a><br \/><a href=\"http:\/\/decapage-sablage-aerogommage-poutre-meuble-27-75-76-78.com\/index.php\/contact\/\">contact<\/a><br \/><a href=\"http:\/\/decapage-sablage-aerogommage-poutre-meuble-27-75-76-78.com\/index.php\/mentions-legales\/\">mentions l\u00e9gales<\/a><\/p>\n<p><a href=\"http:\/\/decapage-sablage-aerogommage-poutre-meuble-27-75-76-78.com\/index.php\/galerie-poutres\/\">galerie poutres<\/a><br \/>galerie meubles<br \/>galerie fa\u00e7ade<\/p>\n","protected":false},"excerpt":{"rendered":"<p>aerogommage ou sablages poutres bois tel.06-75-05-96-23. Vous venez d\u2019acqu\u00e9rir la maison,\u00a0 l\u2019appartement ,la demeure de vos r\u00eave, mais les poutres\u00a0 sont \u00e9videment trop fonc\u00e9s. galerie photos decagom Fut un temps, nos grands parents aimaient le cot\u00e9 rustique du ch\u00eane fonc\u00e9. Tout les bois \u00e9tait recouvert de teinte brous de noix puis lasur\u00e9 souvent en ch\u00eane [&hellip;]<\/p>\n","protected":false},"author":1,"featured_media":0,"parent":0,"menu_order":0,"comment_status":"closed","ping_status":"closed","template":"elementor_header_footer","meta":{"_monsterinsights_skip_tracking":false,"_monsterinsights_sitenote_active":false,"_monsterinsights_sitenote_note":"","_monsterinsights_sitenote_category":0,"ocean_post_layout":"","ocean_both_sidebars_style":"","ocean_both_sidebars_content_width":0,"ocean_both_sidebars_sidebars_width":0,"ocean_sidebar":"0","ocean_second_sidebar":"0","ocean_disable_margins":"enable","ocean_add_body_class":"","ocean_shortcode_before_top_bar":"","ocean_shortcode_after_top_bar":"","ocean_shortcode_before_header":"","ocean_shortcode_after_header":"","ocean_has_shortcode":"","ocean_shortcode_after_title":"","ocean_shortcode_before_footer_widgets":"","ocean_shortcode_after_footer_widgets":"","ocean_shortcode_before_footer_bottom":"","ocean_shortcode_after_footer_bottom":"","ocean_display_top_bar":"default","ocean_display_header":"default","ocean_header_style":"","ocean_center_header_left_menu":"0","ocean_custom_header_template":"0","ocean_custom_logo":0,"ocean_custom_retina_logo":0,"ocean_custom_logo_max_width":0,"ocean_custom_logo_tablet_max_width":0,"ocean_custom_logo_mobile_max_width":0,"ocean_custom_logo_max_height":0,"ocean_custom_logo_tablet_max_height":0,"ocean_custom_logo_mobile_max_height":0,"ocean_header_custom_menu":"0","ocean_menu_typo_font_family":"0","ocean_menu_typo_font_subset":"","ocean_menu_typo_font_size":0,"ocean_menu_typo_font_size_tablet":0,"ocean_menu_typo_font_size_mobile":0,"ocean_menu_typo_font_size_unit":"px","ocean_menu_typo_font_weight":"","ocean_menu_typo_font_weight_tablet":"","ocean_menu_typo_font_weight_mobile":"","ocean_menu_typo_transform":"","ocean_menu_typo_transform_tablet":"","ocean_menu_typo_transform_mobile":"","ocean_menu_typo_line_height":0,"ocean_menu_typo_line_height_tablet":0,"ocean_menu_typo_line_height_mobile":0,"ocean_menu_typo_line_height_unit":"","ocean_menu_typo_spacing":0,"ocean_menu_typo_spacing_tablet":0,"ocean_menu_typo_spacing_mobile":0,"ocean_menu_typo_spacing_unit":"","ocean_menu_link_color":"","ocean_menu_link_color_hover":"","ocean_menu_link_color_active":"","ocean_menu_link_background":"","ocean_menu_link_hover_background":"","ocean_menu_link_active_background":"","ocean_menu_social_links_bg":"","ocean_menu_social_hover_links_bg":"","ocean_menu_social_links_color":"","ocean_menu_social_hover_links_color":"","ocean_disable_title":"default","ocean_disable_heading":"default","ocean_post_title":"","ocean_post_subheading":"","ocean_post_title_style":"","ocean_post_title_background_color":"","ocean_post_title_background":0,"ocean_post_title_bg_image_position":"","ocean_post_title_bg_image_attachment":"","ocean_post_title_bg_image_repeat":"","ocean_post_title_bg_image_size":"","ocean_post_title_height":0,"ocean_post_title_bg_overlay":0.5,"ocean_post_title_bg_overlay_color":"","ocean_disable_breadcrumbs":"default","ocean_breadcrumbs_color":"","ocean_breadcrumbs_separator_color":"","ocean_breadcrumbs_links_color":"","ocean_breadcrumbs_links_hover_color":"","ocean_display_footer_widgets":"default","ocean_display_footer_bottom":"default","ocean_custom_footer_template":"","footnotes":""},"class_list":["post-207","page","type-page","status-publish","hentry","entry"],"yoast_head":"<!-- This site is optimized with the Yoast SEO plugin v24.5 - https:\/\/yoast.com\/wordpress\/plugins\/seo\/ -->\n<title>decapage de poutre sablage aerogommage paris evreux rouen<\/title>\n<meta name=\"description\" content=\"decapage de poutres par aerogommage ou sablage de rouen 76 a paris75 de chartes 28 a lisieux 14 en passant par evreux 27 et dreux\" \/>\n<meta name=\"robots\" content=\"index, follow, max-snippet:-1, max-image-preview:large, max-video-preview:-1\" \/>\n<link rel=\"canonical\" href=\"https:\/\/decapage-sablage-aerogommage-poutre-meuble-27-75-76-78.com\/index.php\/decapage-sablage-de-poutres-aerogommage-paris\/\" \/>\n<meta property=\"og:locale\" content=\"fr_FR\" \/>\n<meta property=\"og:type\" content=\"article\" \/>\n<meta property=\"og:title\" content=\"decapage de poutre sablage aerogommage paris evreux rouen\" \/>\n<meta property=\"og:description\" content=\"decapage de poutres par aerogommage ou sablage de rouen 76 a paris75 de chartes 28 a lisieux 14 en passant par evreux 27 et dreux\" \/>\n<meta property=\"og:url\" content=\"https:\/\/decapage-sablage-aerogommage-poutre-meuble-27-75-76-78.com\/index.php\/decapage-sablage-de-poutres-aerogommage-paris\/\" \/>\n<meta property=\"og:site_name\" content=\"decagom\" \/>\n<meta property=\"article:publisher\" content=\"https:\/\/www.facebook.com\/decapageaerogommagesablage27\/\" \/>\n<meta property=\"article:modified_time\" content=\"2023-07-03T14:08:06+00:00\" \/>\n<meta property=\"og:image\" content=\"http:\/\/decapage-sablage-aerogommage-poutre-meuble-27-75-76-78.com\/wp-content\/uploads\/2019\/07\/poutre.jpg\" \/>\n<meta name=\"twitter:card\" content=\"summary_large_image\" \/>\n<meta name=\"twitter:label1\" content=\"Dur\u00e9e de lecture estim\u00e9e\" \/>\n\t<meta name=\"twitter:data1\" content=\"2 minutes\" \/>\n<script type=\"application\/ld+json\" class=\"yoast-schema-graph\">{\"@context\":\"https:\/\/schema.org\",\"@graph\":[{\"@type\":\"WebPage\",\"@id\":\"https:\/\/decapage-sablage-aerogommage-poutre-meuble-27-75-76-78.com\/index.php\/decapage-sablage-de-poutres-aerogommage-paris\/\",\"url\":\"https:\/\/decapage-sablage-aerogommage-poutre-meuble-27-75-76-78.com\/index.php\/decapage-sablage-de-poutres-aerogommage-paris\/\",\"name\":\"decapage de poutre sablage aerogommage paris evreux rouen\",\"isPartOf\":{\"@id\":\"https:\/\/decapage-sablage-aerogommage-poutre-meuble-27-75-76-78.com\/#website\"},\"primaryImageOfPage\":{\"@id\":\"https:\/\/decapage-sablage-aerogommage-poutre-meuble-27-75-76-78.com\/index.php\/decapage-sablage-de-poutres-aerogommage-paris\/#primaryimage\"},\"image\":{\"@id\":\"https:\/\/decapage-sablage-aerogommage-poutre-meuble-27-75-76-78.com\/index.php\/decapage-sablage-de-poutres-aerogommage-paris\/#primaryimage\"},\"thumbnailUrl\":\"http:\/\/decapage-sablage-aerogommage-poutre-meuble-27-75-76-78.com\/wp-content\/uploads\/2019\/07\/poutre.jpg\",\"datePublished\":\"2019-12-05T10:11:48+00:00\",\"dateModified\":\"2023-07-03T14:08:06+00:00\",\"description\":\"decapage de poutres par aerogommage ou sablage de rouen 76 a paris75 de chartes 28 a lisieux 14 en passant par evreux 27 et dreux\",\"breadcrumb\":{\"@id\":\"https:\/\/decapage-sablage-aerogommage-poutre-meuble-27-75-76-78.com\/index.php\/decapage-sablage-de-poutres-aerogommage-paris\/#breadcrumb\"},\"inLanguage\":\"fr-FR\",\"potentialAction\":[{\"@type\":\"ReadAction\",\"target\":[\"https:\/\/decapage-sablage-aerogommage-poutre-meuble-27-75-76-78.com\/index.php\/decapage-sablage-de-poutres-aerogommage-paris\/\"]}]},{\"@type\":\"ImageObject\",\"inLanguage\":\"fr-FR\",\"@id\":\"https:\/\/decapage-sablage-aerogommage-poutre-meuble-27-75-76-78.com\/index.php\/decapage-sablage-de-poutres-aerogommage-paris\/#primaryimage\",\"url\":\"https:\/\/decapage-sablage-aerogommage-poutre-meuble-27-75-76-78.com\/wp-content\/uploads\/2019\/07\/poutre.jpg\",\"contentUrl\":\"https:\/\/decapage-sablage-aerogommage-poutre-meuble-27-75-76-78.com\/wp-content\/uploads\/2019\/07\/poutre.jpg\",\"width\":1600,\"height\":1200,\"caption\":\"d\u00e9capage de poutres par aerogommage paris\"},{\"@type\":\"BreadcrumbList\",\"@id\":\"https:\/\/decapage-sablage-aerogommage-poutre-meuble-27-75-76-78.com\/index.php\/decapage-sablage-de-poutres-aerogommage-paris\/#breadcrumb\",\"itemListElement\":[{\"@type\":\"ListItem\",\"position\":1,\"name\":\"Accueil\",\"item\":\"https:\/\/decapage-sablage-aerogommage-poutre-meuble-27-75-76-78.com\/\"},{\"@type\":\"ListItem\",\"position\":2,\"name\":\"Sablage a\u00e9rogommage de poutres\"}]},{\"@type\":\"WebSite\",\"@id\":\"https:\/\/decapage-sablage-aerogommage-poutre-meuble-27-75-76-78.com\/#website\",\"url\":\"https:\/\/decapage-sablage-aerogommage-poutre-meuble-27-75-76-78.com\/\",\"name\":\"decagom\",\"description\":\"decapage de poutre par aerogommage\",\"publisher\":{\"@id\":\"https:\/\/decapage-sablage-aerogommage-poutre-meuble-27-75-76-78.com\/#organization\"},\"potentialAction\":[{\"@type\":\"SearchAction\",\"target\":{\"@type\":\"EntryPoint\",\"urlTemplate\":\"https:\/\/decapage-sablage-aerogommage-poutre-meuble-27-75-76-78.com\/?s={search_term_string}\"},\"query-input\":{\"@type\":\"PropertyValueSpecification\",\"valueRequired\":true,\"valueName\":\"search_term_string\"}}],\"inLanguage\":\"fr-FR\"},{\"@type\":\"Organization\",\"@id\":\"https:\/\/decapage-sablage-aerogommage-poutre-meuble-27-75-76-78.com\/#organization\",\"name\":\"alain pangrazzi\",\"url\":\"https:\/\/decapage-sablage-aerogommage-poutre-meuble-27-75-76-78.com\/\",\"logo\":{\"@type\":\"ImageObject\",\"inLanguage\":\"fr-FR\",\"@id\":\"https:\/\/decapage-sablage-aerogommage-poutre-meuble-27-75-76-78.com\/#\/schema\/logo\/image\/\",\"url\":\"https:\/\/decapage-sablage-aerogommage-poutre-meuble-27-75-76-78.com\/wp-content\/uploads\/2019\/07\/decapage-de-poutres-aerogommage.jpg\",\"contentUrl\":\"https:\/\/decapage-sablage-aerogommage-poutre-meuble-27-75-76-78.com\/wp-content\/uploads\/2019\/07\/decapage-de-poutres-aerogommage.jpg\",\"width\":1024,\"height\":768,\"caption\":\"alain pangrazzi\"},\"image\":{\"@id\":\"https:\/\/decapage-sablage-aerogommage-poutre-meuble-27-75-76-78.com\/#\/schema\/logo\/image\/\"},\"sameAs\":[\"https:\/\/www.facebook.com\/decapageaerogommagesablage27\/\"]}]}<\/script>\n<!-- \/ Yoast SEO plugin. -->","yoast_head_json":{"title":"decapage de poutre sablage aerogommage paris evreux rouen","description":"decapage de poutres par aerogommage ou sablage de rouen 76 a paris75 de chartes 28 a lisieux 14 en passant par evreux 27 et dreux","robots":{"index":"index","follow":"follow","max-snippet":"max-snippet:-1","max-image-preview":"max-image-preview:large","max-video-preview":"max-video-preview:-1"},"canonical":"https:\/\/decapage-sablage-aerogommage-poutre-meuble-27-75-76-78.com\/index.php\/decapage-sablage-de-poutres-aerogommage-paris\/","og_locale":"fr_FR","og_type":"article","og_title":"decapage de poutre sablage aerogommage paris evreux rouen","og_description":"decapage de poutres par aerogommage ou sablage de rouen 76 a paris75 de chartes 28 a lisieux 14 en passant par evreux 27 et dreux","og_url":"https:\/\/decapage-sablage-aerogommage-poutre-meuble-27-75-76-78.com\/index.php\/decapage-sablage-de-poutres-aerogommage-paris\/","og_site_name":"decagom","article_publisher":"https:\/\/www.facebook.com\/decapageaerogommagesablage27\/","article_modified_time":"2023-07-03T14:08:06+00:00","og_image":[{"url":"http:\/\/decapage-sablage-aerogommage-poutre-meuble-27-75-76-78.com\/wp-content\/uploads\/2019\/07\/poutre.jpg","type":"","width":"","height":""}],"twitter_card":"summary_large_image","twitter_misc":{"Dur\u00e9e de lecture estim\u00e9e":"2 minutes"},"schema":{"@context":"https:\/\/schema.org","@graph":[{"@type":"WebPage","@id":"https:\/\/decapage-sablage-aerogommage-poutre-meuble-27-75-76-78.com\/index.php\/decapage-sablage-de-poutres-aerogommage-paris\/","url":"https:\/\/decapage-sablage-aerogommage-poutre-meuble-27-75-76-78.com\/index.php\/decapage-sablage-de-poutres-aerogommage-paris\/","name":"decapage de poutre sablage aerogommage paris evreux rouen","isPartOf":{"@id":"https:\/\/decapage-sablage-aerogommage-poutre-meuble-27-75-76-78.com\/#website"},"primaryImageOfPage":{"@id":"https:\/\/decapage-sablage-aerogommage-poutre-meuble-27-75-76-78.com\/index.php\/decapage-sablage-de-poutres-aerogommage-paris\/#primaryimage"},"image":{"@id":"https:\/\/decapage-sablage-aerogommage-poutre-meuble-27-75-76-78.com\/index.php\/decapage-sablage-de-poutres-aerogommage-paris\/#primaryimage"},"thumbnailUrl":"http:\/\/decapage-sablage-aerogommage-poutre-meuble-27-75-76-78.com\/wp-content\/uploads\/2019\/07\/poutre.jpg","datePublished":"2019-12-05T10:11:48+00:00","dateModified":"2023-07-03T14:08:06+00:00","description":"decapage de poutres par aerogommage ou sablage de rouen 76 a paris75 de chartes 28 a lisieux 14 en passant par evreux 27 et dreux","breadcrumb":{"@id":"https:\/\/decapage-sablage-aerogommage-poutre-meuble-27-75-76-78.com\/index.php\/decapage-sablage-de-poutres-aerogommage-paris\/#breadcrumb"},"inLanguage":"fr-FR","potentialAction":[{"@type":"ReadAction","target":["https:\/\/decapage-sablage-aerogommage-poutre-meuble-27-75-76-78.com\/index.php\/decapage-sablage-de-poutres-aerogommage-paris\/"]}]},{"@type":"ImageObject","inLanguage":"fr-FR","@id":"https:\/\/decapage-sablage-aerogommage-poutre-meuble-27-75-76-78.com\/index.php\/decapage-sablage-de-poutres-aerogommage-paris\/#primaryimage","url":"https:\/\/decapage-sablage-aerogommage-poutre-meuble-27-75-76-78.com\/wp-content\/uploads\/2019\/07\/poutre.jpg","contentUrl":"https:\/\/decapage-sablage-aerogommage-poutre-meuble-27-75-76-78.com\/wp-content\/uploads\/2019\/07\/poutre.jpg","width":1600,"height":1200,"caption":"d\u00e9capage de poutres par aerogommage paris"},{"@type":"BreadcrumbList","@id":"https:\/\/decapage-sablage-aerogommage-poutre-meuble-27-75-76-78.com\/index.php\/decapage-sablage-de-poutres-aerogommage-paris\/#breadcrumb","itemListElement":[{"@type":"ListItem","position":1,"name":"Accueil","item":"https:\/\/decapage-sablage-aerogommage-poutre-meuble-27-75-76-78.com\/"},{"@type":"ListItem","position":2,"name":"Sablage a\u00e9rogommage de poutres"}]},{"@type":"WebSite","@id":"https:\/\/decapage-sablage-aerogommage-poutre-meuble-27-75-76-78.com\/#website","url":"https:\/\/decapage-sablage-aerogommage-poutre-meuble-27-75-76-78.com\/","name":"decagom","description":"decapage de poutre par aerogommage","publisher":{"@id":"https:\/\/decapage-sablage-aerogommage-poutre-meuble-27-75-76-78.com\/#organization"},"potentialAction":[{"@type":"SearchAction","target":{"@type":"EntryPoint","urlTemplate":"https:\/\/decapage-sablage-aerogommage-poutre-meuble-27-75-76-78.com\/?s={search_term_string}"},"query-input":{"@type":"PropertyValueSpecification","valueRequired":true,"valueName":"search_term_string"}}],"inLanguage":"fr-FR"},{"@type":"Organization","@id":"https:\/\/decapage-sablage-aerogommage-poutre-meuble-27-75-76-78.com\/#organization","name":"alain pangrazzi","url":"https:\/\/decapage-sablage-aerogommage-poutre-meuble-27-75-76-78.com\/","logo":{"@type":"ImageObject","inLanguage":"fr-FR","@id":"https:\/\/decapage-sablage-aerogommage-poutre-meuble-27-75-76-78.com\/#\/schema\/logo\/image\/","url":"https:\/\/decapage-sablage-aerogommage-poutre-meuble-27-75-76-78.com\/wp-content\/uploads\/2019\/07\/decapage-de-poutres-aerogommage.jpg","contentUrl":"https:\/\/decapage-sablage-aerogommage-poutre-meuble-27-75-76-78.com\/wp-content\/uploads\/2019\/07\/decapage-de-poutres-aerogommage.jpg","width":1024,"height":768,"caption":"alain pangrazzi"},"image":{"@id":"https:\/\/decapage-sablage-aerogommage-poutre-meuble-27-75-76-78.com\/#\/schema\/logo\/image\/"},"sameAs":["https:\/\/www.facebook.com\/decapageaerogommagesablage27\/"]}]}},"_links":{"self":[{"href":"https:\/\/decapage-sablage-aerogommage-poutre-meuble-27-75-76-78.com\/index.php\/wp-json\/wp\/v2\/pages\/207","targetHints":{"allow":["GET"]}}],"collection":[{"href":"https:\/\/decapage-sablage-aerogommage-poutre-meuble-27-75-76-78.com\/index.php\/wp-json\/wp\/v2\/pages"}],"about":[{"href":"https:\/\/decapage-sablage-aerogommage-poutre-meuble-27-75-76-78.com\/index.php\/wp-json\/wp\/v2\/types\/page"}],"author":[{"embeddable":true,"href":"https:\/\/decapage-sablage-aerogommage-poutre-meuble-27-75-76-78.com\/index.php\/wp-json\/wp\/v2\/users\/1"}],"replies":[{"embeddable":true,"href":"https:\/\/decapage-sablage-aerogommage-poutre-meuble-27-75-76-78.com\/index.php\/wp-json\/wp\/v2\/comments?post=207"}],"version-history":[{"count":118,"href":"https:\/\/decapage-sablage-aerogommage-poutre-meuble-27-75-76-78.com\/index.php\/wp-json\/wp\/v2\/pages\/207\/revisions"}],"predecessor-version":[{"id":2019,"href":"https:\/\/decapage-sablage-aerogommage-poutre-meuble-27-75-76-78.com\/index.php\/wp-json\/wp\/v2\/pages\/207\/revisions\/2019"}],"wp:attachment":[{"href":"https:\/\/decapage-sablage-aerogommage-poutre-meuble-27-75-76-78.com\/index.php\/wp-json\/wp\/v2\/media?parent=207"}],"curies":[{"name":"wp","href":"https:\/\/api.w.org\/{rel}","templated":true}]}}